4*z + 0*z - 144 = 0. Let i = -49 + f. What is the remainder when 97 is divided by i?
22
Let d(g) = 42*g + 7. Calculate the remainder when d(5) is divided by 16120/780 + (-2)/3.
17
Suppose 0 = 5*t - f - 3*f - 719, 5*t - 737 = 2*f. Calculate the remainder when 2243 is divided by t.
129
Let v(u) = -9*u**2 + 2093*u - 9343. Let g be (-2)/(1 - (-2)/(-6)). Calculate the remainder when (-141 - 0)*g/9 is divided by v(228).
2
Suppose 160*c + 2176 = 176*c. What is the remainder when 681 is divided by c?
1
Let y be 1/(160/(-164) + 1). Let b = y + -35. What is the remainder when 69 is divided by b?
3
Let s be 0 - -6 - (-60)/(-12). Suppose x + 3*o = 9, 4*o + s = 7*x - 4*x. What is the remainder when 16 is divided by x?
1
Let k be ((-8)/6)/((-24)/54). Suppose 3*u = 6, -34 = -k*x + x + 4*u. Calculate the remainder when 143 is divided by x.
17
Suppose -31*x + 13*x - 288 = 0. Calculate the remainder when 12/x - (-24)/32 - -56 is divided by 10.
6
Suppose -p = -4*i - 3839, -5*i = -209*p + 210*p - 3839. What is the remainder when p is divided by 34?
31
Let a = 29 - 33. Let m = a - -126. Suppose -2*z - m = -3*c, -2*c - 3*c - z = -199. What is the remainder when c is divided by 15?
10
Let g(q) = q**3 - 19*q**2 - 1521*q - 68. Calculate the remainder when g(50) is divided by 136.
22
Let c be (-42)/(-24)*2*4/7. Suppose 2 = 2*o, -g = -6*g + c*o + 158. Calculate the remainder when 248 is divided by g.
24
Let c = -34 - -122. Calculate the remainder when c is divided by 86.
2
Let g = -1783 - -2457. Calculate the remainder when g is divided by 27.
26
Let b(f) = 682*f - 982. Calculate the remainder when b(3) is divided by 35.
14
Suppose 0 = 4*y + 107 - 211. Let b = -148 + 274. Calculate the remainder when b is divided by y.
22
Let r = 15 - -75. Suppose 0 = -3*v + r + 60. What is the remainder when 249 is divided by v?
49
Let m = 324 - 71. Suppose 0 = -d + 446 - 406. Suppose 9*z = d + 419. Calculate the remainder when m is divided by z.
49
Let v = -8979 - -12953. What is the remainder when v is divided by 13?
9
Suppose -c = -0*c - 2, 2*c = -k + 5. Let p be (0 - -2)*k - 33. Let d = 43 + p. What is the remainder when 69 is divided by d?
9
Let u be (1 + 0)/(28/140). Let q(z) = -4 - u*z + 6*z + 5*z + 4*z. Calculate the remainder when q(5) is divided by 14.
4
Suppose -2965 = -5*t - 4*n, -2*t - 3*n + 619 = -567. Suppose 2*m = -j + 295, -2*j + t = -m + 2*m. Calculate the remainder when j is divided by 50.
47
Suppose -28*z + 2045 = 645. What is the remainder when 1096 is divided by z?
46
Suppose 2*r = 3*b + 58, -3*r = -3*b + 14 - 107. Let h(u) = 6*u - 76. Calculate the remainder when h(r) is divided by 45.
44
Let r = 16 + 4. Let s = 62 + -64. Calculate the remainder when ((-34)/6)/((-129)/63 - s) is divided by r.
19
Let z = 1502 - 1413. Calculate the remainder when 2046 is divided by z.
88
Let v = -573 - -576. Suppose p - v*i + 7 = 21, -5*i = -5. Calculate the remainder when 17 is divided by p.
0
Let m = 60 - 27. Suppose 2613 - 45101 = -452*z. What is the remainder when z is divided by m?
28
What is the remainder when (257/(-1799))/(2/(-182)) is divided by 2/4 - (-78)/12?
6
Suppose -13*d = -8*d. Suppose d = -3*i + 4*o + 310, 396 = 4*i - o - 0*o. Calculate the remainder when 97 is divided by i*1/(-2)*-1.
48
Suppose -68*u = -84*u + 54672. What is the remainder when u is divided by 9?
6
What is the remainder when ((-5)/(-195)*6 + (-168)/(-91))*116 is divided by 21?
1
Let y(d) = 171*d - 787. Calculate the remainder when y(9) is divided by 136.
72
Suppose -1838 = -19*x - 128. What is the remainder when 714 is divided by x?
84
Let p = 18428 - 17127. Calculate the remainder when p is divided by 50.
1
Suppose 9*h - 618 = -40*h + 950. Calculate the remainder when 599 is divided by h.
23
Let t(b) = 149*b - 733. What is the remainder when 114 is divided by t(5)?
6
Suppose 0 = -2*k + 3*s + 2*s + 122, 54 = k + s. Let f = 2 + k. Let r = -51 + f. What is the remainder when 11 is divided by r?
4
Let h(s) = 6*s**2 + 173*s - 21. Calculate the remainder when h(-33) is divided by 132.
12
Suppose 3*m = -5*s + 4, -2*m + 5 = 4*s - 3*s. Calculate the remainder when 18 is divided by -3 + ((-1)/s)/(14/112).
3
Let c be 264/110*110/(-4). Let v be ((-25)/(-20))/((-4)/(-16)). Calculate the remainder when 63 is divided by 0 - (c/15)/(1/v).
19
Let c = 2002 + -1957. What is the remainder when 10/35 - (-1251)/7 is divided by c?
44
Suppose -5*m = 20, q - 2*m = m + 38. Suppose 9*w + 49 = 85. Suppose -q + 58 = w*c. What is the remainder when 69 is divided by c?
5
Let o = 4396 + -1824. Calculate the remainder when o is divided by 60.
52
Let l be -2*8/4*-28. Let f = l - 43. What is the remainder when f is divided by 23/(-92) - ((-4)/(-14) + (-1475)/140)?
9
Suppose 40*t = -10*t + 1400. Suppose -5*b = -5, 3*b = -5*v + 51 + 327. What is the remainder when v is divided by t?
19
Let q be (-1)/5 + (-33)/(-15). What is the remainder when 111 is divided by (3 - (-5)/5) + 48/q?
27
Suppose 85*b - 83*b - 90 = 0. Calculate the remainder when 146 is divided by b.
11
Suppose 1743913 = 165*d - 5*d - 211287. What is the remainder when d is divided by 8?
4
Suppose 2*i + 398*v - 1750 = 394*v, -5*i = -3*v - 4453. What is the remainder when i is divided by 27?
23
Suppose 1212 - 481 = -41*u - 2057. Suppose 724 = r + 3*r. Let y = r + u. What is the remainder when y is divided by 23?
21
Let d(b) = b**2 - 12*b - 1304. What is the remainder when d(51) is divided by 60?
25
Let z = 28417 - 28242. Calculate the remainder when 2265 is divided by z.
165
Let i be (-13 + 36/(-6))*(1 + -2). Suppose 2*m + i*m = 945. Calculate the remainder when 83 is divided by m.
38
Suppose 3*m - 3*k - 347 = -8*k, 5*m - 525 = 5*k. Suppose 125*i + 115*i = 6720. What is the remainder when m is divided by i?
25
Suppose 10 = -9*v + 14*v. Suppose -o = -2*b - 23, 2*b + 53 = 3*o - 20. Let z = o - v. What is the remainder when 44 is divided by z?
21
Let z = -31 + 32. Let v be z + -3 + 11 - (-4 - -3). Calculate the remainder when 99 is divided by 2 + -12*v/(-5).
21
Suppose -24 = 5*i - 4*q - 0*q, 17 = -4*i + q. What is the remainder when (-4140)/24*i/6 is divided by 29?
28
Let t(i) = -187*i**3 - 12*i - 13. Suppose -y + 19 = 5*g, 20 = 13*g - 8*g. Calculate the remainder when t(y) is divided by 27.
24
Let a = 23 + -25. What is the remainder when 51 is divided by 12/(-8)*(-22 - a)?
21
Suppose -3*s + 2*z - 15 + 49 = 0, -2*s = -2*z - 24. Suppose 0 = 3*v - 18 - 93. What is the remainder when v is divided by s?
7
What is the remainder when 2424/(-9)*(-567)/252 is divided by 140?
46
Suppose -c = -3*c + 756. Suppose 0 = 2*h + 3*h, 0*r - 19 = -r + h. Calculate the remainder when c is divided by r.
17
Let o = 71 - 30. Let v = 38 + o. What is the remainder when v is divided by (-13)/(78/4)*-15?
9
Let n be -1*(15/(-3) + 3). Suppose -4*h = h + n*x - 173, -h - 4*x = -31. Calculate the remainder when 139 is divided by h.
34
Let v(f) = 6*f**2 - 10*f - 1. Let i be v(8). What is the remainder when i/3 - (0 + 2) is divided by 34?
31
Suppose -2803 = 12*d + 593. Let b = -263 - d. Calculate the remainder when 65 is divided by b.
5
Let o(w) = -w**3 + 13*w**2 - 10*w + 259. What is the remainder when 532 is divided by o(13)?
16
Let r = -925 - -943. What is the remainder when 6867/77 - ((-105)/(-33) + -3) is divided by r?
17
Let z(j) = 2*j**2 + 11*j - 19. Suppose -2*u + 2*m + 3*m = -13, 3*m = 4*u - 33. Calculate the remainder when z(u) is divided by 49.
46
Suppose -94*z + 91*z + 2832 = 0. Suppose 9*x + z = 13*x. Calculate the remainder when x is divided by 15.
11
Let a = -22229 - -22236. Let m(r) = 2*r**3 + r**2 - r - 3. Calculate the remainder when m(4) is divided by a.
4
Let l = 29 - -24. Suppose 2*z - 6 = -3*p, 2*z - 5*p + 15 = l. Suppose 95 = z*r - 193. What is the remainder when 62 is divided by r?
30
Calculate the remainder when (159 - 244)*(-6)/(-20)*-4 is divided by (-52)/(-6) - (-4)/(-6).
6
Let y = -86249 + 86355. Let t be (-4)/2*78/4. Let a = t - -66. What is the remainder when y is divided by a?
25
Suppose 10*o - 99 - 101 = 0. Suppose -o = 4*k - 28. Suppose -25 - 17 = -k*n. What is the remainder when n is divided by 8?
5
Let r(w) = 44*w**2 - 702*w + 3. Calculate the remainder when (2817/(-12))/((-27)/72) is divided by r(16).
31
Let h(l) = 4*l**2 + 7*l + 30. Let z be 3*9/3*24/(-36). Calculate